f 2873326?
2, 751, 1913
List the prime factors of 2217628944.
2, 3, 1871, 8231
List the prime factors of 157110238.
2, 78555119
List the prime factors of 40757.
53, 769
List the prime factors of 4833636452.
2, 17, 41, 1733729
What are the prime factors of 286657733?
286657733
List the prime factors of 6906682581.
3, 23, 100096849
List the prime factors of 1349917427.
1349917427
What are the prime factors of 155700338?
2, 89, 874721
What are the prime factors of 452688316?
2, 131, 863909
List the prime factors of 25285342.
2, 47, 268993
List the prime factors of 1492510084.
2, 13, 28702117
List the prime factors of 19070595.
3, 5, 423791
What are the prime factors of 517657852?
2, 129414463
What are the prime factors of 5190435?
3, 5, 115343
List the prime factors of 26036545.
5, 73, 71333
List the prime factors of 44598924.
2, 3, 179, 769
List the prime factors of 280215761.
7, 61, 241, 389
List the prime factors of 38474290.
2, 5, 53, 229, 317
What are the prime factors of 6570442400?
2, 5, 8213053
What are the prime factors of 44554569?
3, 17, 873619
What are the prime factors of 2030390052?
2, 3, 169199171
List the prime factors of 3876937364.
2, 16607, 58363
What are the prime factors of 2423859064?
2, 11, 27543853
List the prime factors of 2304740805.
3, 5, 3877, 39631
List the prime factors of 973899672.
2, 3, 17, 23, 67, 1549
What are the prime factors of 285292611?
3, 3522131
What are the prime factors of 396928735?
5, 7, 11340821
List the prime factors of 43950457.
17, 29, 59, 1511
List the prime factors of 784662676.
2, 7, 17, 235493
What are the prime factors of 67387141?
67387141
What are the prime factors of 401186?
2, 29, 6917
What are the prime factors of 1480488258?
2, 3, 113, 151, 14461
List the prime factors of 205644223.
17, 47, 163, 1579
List the prime factors of 38732862.
2, 3, 7, 922211
List the prime factors of 1525762328.
2, 709, 268999
What are the prime factors of 156190417?
53, 653, 4513
What are the prime factors of 108869199?
3, 71, 511123
List the prime factors of 532984307.
532984307
List the prime factors of 525728757.
3, 17, 10308407
What are the prime factors of 39089343?
3, 13029781
List the prime factors of 2744266577.
13, 19, 11110391
List the prime factors of 2484288043.
59, 4999, 8423
What are the prime factors of 2892228554?
2, 9173, 157649
What are the prime factors of 31076725?
5, 31, 40099
List the prime factors of 13671427.
7, 11, 16141
What are the prime factors of 261707927?
13, 20131379
List the prime factors of 187604840.
2, 5, 4690121
What are the prime factors of 646389623?
11, 17, 314239
What are the prime factors of 150826027?
11, 101, 135757
List the prime factors of 13990906.
2, 59, 139, 853
List the prime factors of 95329417.
95329417
What are the prime factors of 172656145?
5, 47, 734707
List the prime factors of 42839069.
7, 13, 409, 1151
What are the prime factors of 1119935928?
2, 3, 17, 47, 58403
What are the prime factors of 96428537?
47, 2051671
List the prime factors of 219533747.
881, 249187
List the prime factors of 120902473.
109, 1109197
What are the prime factors of 1328821092?
2, 3, 1249, 9851
What are the prime factors of 133652591?
53, 2521747
What are the prime factors of 2226281621?
389, 1559, 3671
What are the prime factors of 1638968028?
2, 3, 17, 8034157
List the prime factors of 246258284.
2, 281, 219091
List the prime factors of 1846457.
1846457
List the prime factors of 117646204.
2, 13, 823, 2749
List the prime factors of 50813485.
5, 53, 191749
What are the prime factors of 3091665316?
2, 79, 9783751
What are the prime factors of 101113655?
5, 20222731
What are the prime factors of 223839244?
2, 811, 69001
What are the prime factors of 132726349?
7, 2708701
List the prime factors of 1587054265.
5, 8429, 37657
What are the prime factors of 85962177?
3, 7, 29, 47051
What are the prime factors of 183514027?
19, 9658633
What are the prime factors of 79500415?
5, 17, 137, 6827
What are the prime factors of 3832367516?
2, 29, 953, 34667
List the prime factors of 5008827.
3, 163, 10243
List the prime factors of 17260061.
7, 13, 189671
What are the prime factors of 508471974?
2, 3, 28248443
What are the prime factors of 66013124?
2, 197, 83773
What are the prime factors of 640870114?
2, 17, 19, 23, 43133
List the prime factors of 368513542.
2, 1619, 113809
List the prime factors of 3926261107.
599, 977, 6709
List the prime factors of 8096678.
2, 4048339
What are the prime factors of 68316792?
2, 3, 2846533
What are the prime factors of 13101104?
2, 818819
List the prime factors of 4946535304.
2, 47, 13155679
List the prime factors of 1971526716.
2, 3, 19, 31, 10331
List the prime factors of 29383270.
2, 5, 7, 107, 3923
List the prime factors of 2279722205.
5, 107, 173, 24631
What are the prime factors of 20409924?
2, 3, 23, 73, 1013
List the prime factors of 162012673.
162012673
What are the prime factors of 165240796?
2, 7, 19, 263, 1181
List the prime factors of 170094206.
2, 85047103
List the prime factors of 45910934.
2, 1117, 20551
What are the prime factors of 236403703?
236403703
List the prime factors of 1027859182.
2, 7, 223, 6719
What are the prime factors of 1254542308?
2, 313635577
What are the prime factors of 136160342?
2, 173, 193, 2039
List the prime factors of 72273137.
17, 4251361
What are the prime factors of 659189024?
2, 13, 29, 101, 541
List the prime factors of 6851215070.
2, 5, 7, 383, 421, 607
What are the prime factors of 97714935?
3, 5, 193, 11251
List the prime factors of 106193481.
3, 1873, 18899
List the prime factors of 56337803.
367, 153509
List the prime factors of 98483221.
98483221
What are the prime factors of 1023310676?
2, 255827669
What are the prime factors of 373324253?
349, 1069697
List the prime factors of 36354876.
2, 3, 47, 73, 883
What are the prime factors of 443780075?
5, 17751203
What are the prime factors of 4019093933?
53, 1531, 49531
List the prime factors of 89301014.
2, 11, 1223, 3319
What are the prime factors of 15706027?
19, 139, 313
What are the prime factors of 223820298?
2, 3, 13, 47, 433
List the prime factors of 250458731.
7321, 34211
List the prime factors of 992059752.
2, 3, 17, 2431519
List the prime factors of 24265736.
2, 11, 19, 23, 631
List the prime factors of 1562114075.
5, 3889, 16067
List the prime factors of 6013289889.
3, 5741, 116381
List the prime factors of 4499700558.
2, 3, 749950093
List the prime factors of 2102709425.
5, 79, 1013, 1051
List the prime factors of 54758902.
2, 11, 29, 85829
What are the prime factors of 36241209?
3, 1342267
What are the prime factors of 103819482?
2, 3, 13, 49297
List the prime factors of 539771123.
539771123
What are the prime factors of 659423380?
2, 5, 7, 11, 67, 83
List the prime factors of 1220038126.
2, 47, 12979129
What are the prime factors of 170476188?
2, 3, 251, 56599
List the prime factors of 451899378.
2, 3, 7, 1195501
What are the prime factors of 1858490825?
5, 74339633
What are the prime factors of 99860653?
239, 307, 1361
List the prime factors of 127645458.
2, 3, 19, 1119697
What are the prime factors of 61933120?
2, 5, 193541
List the prime factors of 23727672.
2, 3, 329551
What are the prime factors of 8344884?
2, 3, 695407
List the prime factors of 10395879.
3, 13, 149, 1789
List the prime factors of 204205908.
2, 3, 17017159
List the prime factors of 517720298.
2, 61, 89, 47681
List the prime factors of 158004583.
11, 1305823
What are the prime factors of 884343?
3, 294781
List the prime factors of 4020956111.
19, 29, 7297561
List the prime factors of 689965113.
3, 89, 773, 3343
List the prime factors of 1837405156.
2, 61, 7530349
What are the prime factors of 39660557?
2729, 14533
What are the prime factors of 99537961?
99537961
List the prime factors of 148983.
3, 53, 937
What are the prime factors of 211705718?
2, 7, 487, 31051
What are the prime factors of 424373674?
2, 71, 73, 40939
List the prime factors of 98433.
3, 10937
List the prime factors of 43637642.
2, 19, 1148359
List the prime factors of 474591036.
2, 3, 139, 284527
What are the prime factors of 975013523?
11, 1181, 6823
List the prime factors of 324580671.
3, 3323, 10853
List the prime factors of 6896012877.
3, 13, 58940281
List the prime factors of 232730004.
2, 3, 